{"id":35,"date":"2025-02-20T12:36:57","date_gmt":"2025-02-20T11:36:57","guid":{"rendered":"http:\/\/pentho25.at\/?page_id=35"},"modified":"2025-03-10T11:01:31","modified_gmt":"2025-03-10T10:01:31","slug":"wir-fanden-zueinander","status":"publish","type":"page","link":"https:\/\/pentho25.at\/?page_id=35","title":{"rendered":"It\u00b4s official!"},"content":{"rendered":"\n<p><br><br><br>Am 9. November 2018 war es offiziell \u2013 wir waren ein Paar! Es war nicht nur der Beginn einer Liebesgeschichte, sondern auch der Beginn unseres gemeinsamen Lebens. In den letzten Jahren haben wir so viel erlebt: Wir sind in unsere erste gemeinsame Wohnung eingezogen, haben die Corona-Zeit gemeinsam \u00fcberstanden, viel Spa\u00df und sch\u00f6ne Momente miteinander geteilt, sind durch H\u00f6hen und Tiefen enger zusammenger\u00fcckt und haben sogar ein Haus gekauft. Jede Erfahrung hat uns st\u00e4rker gemacht und unsere Liebe vertieft.<\/p>\n","protected":false},"excerpt":{"rendered":"<p>Am 9. November 2018 war es offiziell \u2013 wir waren ein Paar! Es war nicht nur der Beginn einer Liebesgeschichte, sondern auch der Beginn unseres gemeinsamen Lebens. In den letzten Jahren haben wir so viel erlebt: Wir sind in unsere erste gemeinsame Wohnung eingezogen, haben die Corona-Zeit gemeinsam \u00fcberstanden, viel Spa\u00df und sch\u00f6ne Momente miteinander geteilt, sind durch H\u00f6hen und Tiefen enger zusammenger\u00fcckt und haben sogar ein Haus gekauft. Jede Erfahrung hat uns st\u00e4rker gemacht und unsere Liebe vertieft.<\/p>\n","protected":false},"author":1,"featured_media":65,"parent":0,"menu_order":0,"comment_status":"closed","ping_status":"closed","template":"","meta":{"footnotes":""},"class_list":["post-35","page","type-page","status-publish","has-post-thumbnail","hentry"],"_links":{"self":[{"href":"https:\/\/pentho25.at\/index.php?rest_route=\/wp\/v2\/pages\/35","targetHints":{"allow":["GET"]}}],"collection":[{"href":"https:\/\/pentho25.at\/index.php?rest_route=\/wp\/v2\/pages"}],"about":[{"href":"https:\/\/pentho25.at\/index.php?rest_route=\/wp\/v2\/types\/page"}],"author":[{"embeddable":true,"href":"https:\/\/pentho25.at\/index.php?rest_route=\/wp\/v2\/users\/1"}],"replies":[{"embeddable":true,"href":"https:\/\/pentho25.at\/index.php?rest_route=%2Fwp%2Fv2%2Fcomments&post=35"}],"version-history":[{"count":2,"href":"https:\/\/pentho25.at\/index.php?rest_route=\/wp\/v2\/pages\/35\/revisions"}],"predecessor-version":[{"id":105,"href":"https:\/\/pentho25.at\/index.php?rest_route=\/wp\/v2\/pages\/35\/revisions\/105"}],"wp:featuredmedia":[{"embeddable":true,"href":"https:\/\/pentho25.at\/index.php?rest_route=\/wp\/v2\/media\/65"}],"wp:attachment":[{"href":"https:\/\/pentho25.at\/index.php?rest_route=%2Fwp%2Fv2%2Fmedia&parent=35"}],"curies":[{"name":"wp","href":"https:\/\/api.w.org\/{rel}","templated":true}]}}