{"id":33,"date":"2025-02-20T12:36:41","date_gmt":"2025-02-20T11:36:41","guid":{"rendered":"http:\/\/pentho25.at\/?page_id=33"},"modified":"2025-03-10T11:55:17","modified_gmt":"2025-03-10T10:55:17","slug":"wir-lernten-uns-kennen","status":"publish","type":"page","link":"https:\/\/pentho25.at\/?page_id=33","title":{"rendered":"It\u00b4s a match!"},"content":{"rendered":"\n<p><br><br><br>Am 18. September 2018 war das Schicksal auf unserer Seite. \u00dcber eine Datingwebseite namens Tinder fanden Pernille, die in Wien studierte, und Thomas, der gerade von einem Abenteuer als Barkeeper im Ausland zur\u00fcckkehrte, zueinander. Pernille war kurz davor, wieder nach Oslo zur\u00fcckzukehren, aber dann trat Thomas in ihr Leben. Und wie man so sch\u00f6n sagt, der Rest ist Geschichte! Wer h\u00e4tte gedacht, dass ein Swipe nach rechts uns f\u00fcr immer ver\u00e4ndern w\u00fcrde?<\/p>\n","protected":false},"excerpt":{"rendered":"<p>Am 18. September 2018 war das Schicksal auf unserer Seite. \u00dcber eine Datingwebseite namens Tinder fanden Pernille, die in Wien studierte, und Thomas, der gerade von einem Abenteuer als Barkeeper im Ausland zur\u00fcckkehrte, zueinander. Pernille war kurz davor, wieder nach Oslo zur\u00fcckzukehren, aber dann trat Thomas in ihr Leben. Und wie man so sch\u00f6n sagt, der Rest ist Geschichte! Wer h\u00e4tte gedacht, dass ein Swipe nach rechts uns f\u00fcr immer ver\u00e4ndern w\u00fcrde?<\/p>\n","protected":false},"author":1,"featured_media":141,"parent":0,"menu_order":0,"comment_status":"closed","ping_status":"closed","template":"","meta":{"footnotes":""},"class_list":["post-33","page","type-page","status-publish","has-post-thumbnail","hentry"],"_links":{"self":[{"href":"https:\/\/pentho25.at\/index.php?rest_route=\/wp\/v2\/pages\/33","targetHints":{"allow":["GET"]}}],"collection":[{"href":"https:\/\/pentho25.at\/index.php?rest_route=\/wp\/v2\/pages"}],"about":[{"href":"https:\/\/pentho25.at\/index.php?rest_route=\/wp\/v2\/types\/page"}],"author":[{"embeddable":true,"href":"https:\/\/pentho25.at\/index.php?rest_route=\/wp\/v2\/users\/1"}],"replies":[{"embeddable":true,"href":"https:\/\/pentho25.at\/index.php?rest_route=%2Fwp%2Fv2%2Fcomments&post=33"}],"version-history":[{"count":2,"href":"https:\/\/pentho25.at\/index.php?rest_route=\/wp\/v2\/pages\/33\/revisions"}],"predecessor-version":[{"id":104,"href":"https:\/\/pentho25.at\/index.php?rest_route=\/wp\/v2\/pages\/33\/revisions\/104"}],"wp:featuredmedia":[{"embeddable":true,"href":"https:\/\/pentho25.at\/index.php?rest_route=\/wp\/v2\/media\/141"}],"wp:attachment":[{"href":"https:\/\/pentho25.at\/index.php?rest_route=%2Fwp%2Fv2%2Fmedia&parent=33"}],"curies":[{"name":"wp","href":"https:\/\/api.w.org\/{rel}","templated":true}]}}