{"id":2,"date":"2025-02-20T11:14:42","date_gmt":"2025-02-20T10:14:42","guid":{"rendered":"http:\/\/pentho25.at\/?page_id=2"},"modified":"2025-09-29T09:40:30","modified_gmt":"2025-09-29T07:40:30","slug":"beispiel-seite","status":"publish","type":"page","link":"https:\/\/pentho25.at\/","title":{"rendered":"Wir laden euch herzlich zu unserer Hochzeit ein!"},"content":{"rendered":"\n<p class=\"has-text-align-center\"><br>Wir freuen uns sehr, euch auf unserer Hochzeitswebseite begr\u00fc\u00dfen zu d\u00fcrfen! Unser gro\u00dfer Tag r\u00fcckt immer n\u00e4her, und wir sind \u00fcbergl\u00fccklich, diesen besonderen Moment mit euch allen teilen zu k\u00f6nnen.<\/p>\n\n\n<div class=\"wp-block-image\">\n<figure class=\"aligncenter size-large\"><img loading=\"lazy\" decoding=\"async\" width=\"1024\" height=\"410\" src=\"https:\/\/pentho25.at\/wp-content\/uploads\/2025\/09\/AlbaufTAG-1-1024x410.jpg\" alt=\"\" class=\"wp-image-164\" srcset=\"https:\/\/pentho25.at\/wp-content\/uploads\/2025\/09\/AlbaufTAG-1-1024x410.jpg 1024w, https:\/\/pentho25.at\/wp-content\/uploads\/2025\/09\/AlbaufTAG-1-300x120.jpg 300w, https:\/\/pentho25.at\/wp-content\/uploads\/2025\/09\/AlbaufTAG-1-768x308.jpg 768w, https:\/\/pentho25.at\/wp-content\/uploads\/2025\/09\/AlbaufTAG-1-1536x615.jpg 1536w, https:\/\/pentho25.at\/wp-content\/uploads\/2025\/09\/AlbaufTAG-1.jpg 1920w\" sizes=\"auto, (max-width: 1024px) 100vw, 1024px\" \/><\/figure>\n<\/div>\n\n\n<h2 class=\"wp-block-heading has-text-align-center\">Dresscode<\/h2>\n\n\n\n<p class=\"has-text-align-center\">Wir bitten um folgenden Dresscode: <br><strong>Elegant &amp; Tanzbereit<br><\/strong>Gedeckte Farben &amp; Erdt\u00f6ne<br>Dunkelblau &#8211; Gr\u00fcn &#8211; Beige &#8211; Altrosa &#8211; Grau &#8211; Braun<\/p>\n\n\n\n<hr class=\"wp-block-separator has-alpha-channel-opacity\"\/>\n\n\n\n<p class=\"has-text-align-center\">Euer Kommen ist f\u00fcr uns das sch\u00f6nste Geschenk! \u2764\ufe0f <br>Falls ihr trotzdem etwas beitragen m\u00f6chtet: Unser Reisekoffer freut sich \u00fcber ein kleines finanzielles Polster \u2708\ufe0f\u2600\ufe0f\ud83d\udcb6 <\/p>\n\n\n\n<p class=\"has-text-align-center\">So reist er mit uns etwas bequemer in die Flitterwochen! \u263a\ufe0f<\/p>\n\n\n\n<p><\/p>\n","protected":false},"excerpt":{"rendered":"<p>Wir freuen uns sehr, euch auf unserer Hochzeitswebseite begr\u00fc\u00dfen zu d\u00fcrfen! Unser gro\u00dfer Tag r\u00fcckt immer n\u00e4her, und wir sind \u00fcbergl\u00fccklich, diesen besonderen Moment mit euch allen teilen zu k\u00f6nnen. Dresscode Wir bitten um folgenden Dresscode: Elegant &amp; TanzbereitGedeckte Farben &amp; Erdt\u00f6neDunkelblau &#8211; Gr\u00fcn &#8211; Beige &#8211; Altrosa &#8211; Grau &#8211; Braun Euer Kommen ist f\u00fcr uns das sch\u00f6nste Geschenk! \u2764\ufe0f Falls ihr trotzdem etwas beitragen m\u00f6chtet: Unser Reisekoffer freut sich \u00fcber ein kleines finanzielles Polster \u2708\ufe0f\u2600\ufe0f\ud83d\udcb6 So reist er mit uns etwas bequemer in die Flitterwochen! \u263a\ufe0f<\/p>\n","protected":false},"author":1,"featured_media":0,"parent":0,"menu_order":0,"comment_status":"closed","ping_status":"open","template":"","meta":{"footnotes":""},"class_list":["post-2","page","type-page","status-publish","hentry"],"_links":{"self":[{"href":"https:\/\/pentho25.at\/index.php?rest_route=\/wp\/v2\/pages\/2","targetHints":{"allow":["GET"]}}],"collection":[{"href":"https:\/\/pentho25.at\/index.php?rest_route=\/wp\/v2\/pages"}],"about":[{"href":"https:\/\/pentho25.at\/index.php?rest_route=\/wp\/v2\/types\/page"}],"author":[{"embeddable":true,"href":"https:\/\/pentho25.at\/index.php?rest_route=\/wp\/v2\/users\/1"}],"replies":[{"embeddable":true,"href":"https:\/\/pentho25.at\/index.php?rest_route=%2Fwp%2Fv2%2Fcomments&post=2"}],"version-history":[{"count":25,"href":"https:\/\/pentho25.at\/index.php?rest_route=\/wp\/v2\/pages\/2\/revisions"}],"predecessor-version":[{"id":165,"href":"https:\/\/pentho25.at\/index.php?rest_route=\/wp\/v2\/pages\/2\/revisions\/165"}],"wp:attachment":[{"href":"https:\/\/pentho25.at\/index.php?rest_route=%2Fwp%2Fv2%2Fmedia&parent=2"}],"curies":[{"name":"wp","href":"https:\/\/api.w.org\/{rel}","templated":true}]}}